*q + 398. Calculate the greatest common factor of 2516 and q.
68
Suppose i + 3*i - 12 = r, 2*r = -5*i + 28. Suppose -5*b = -2*x + 23 - 465, -4*b + 3*x + 355 = 0. Let h = -52 + b. What is the highest common factor of h and i?
4
Let i be 310/(-80) + 4 - 38/(-32)*42. Let o be 5/(-3) - (-3)/(-9). Let w be o/(-4) + (-295)/(-10). What is the highest common factor of w and i?
10
Let u be (14/10)/((-3)/(-45)). Suppose -5*z + 505 = 5*g, -4*g + 20*z - 18*z = -428. Calculate the highest common divisor of g and u.
21
Suppose -8766 = 4*u + 3*y + 4853, 5*u + 17021 = -y. Let f be u/(-18) - (-1)/(-9). What is the highest common factor of 21 and f?
21
Let t(s) = -s + 72. Let c be t(-18). Let h be 201/9 + c/54. What is the highest common factor of 18 and h?
6
Suppose -92 = -3*v + 2*v - 3*x, x = v - 88. Suppose -f = -v - 359. What is the greatest common divisor of 7 and f?
7
Let n be 6 + 4 + 5 + -13. Suppose -n*t - 4*j = -22 - 74, 225 = 4*t - 3*j. What is the greatest common divisor of 126 and t?
18
Suppose 157*n + 171*n + 640 = 344*n. What is the greatest common divisor of n and 16640?
40
Suppose 176 - 196 = -5*w. Suppose w*a - 20 = 0, m + 438 = 3*m - 2*a. Calculate the highest common factor of 7 and m.
7
Let k = 4 - -386. Suppose 0 = -6*o - 6 + k. What is the highest common factor of 24 and o?
8
Let j = -270 + 276. Suppose 0 = j*v + 35*v - 13120. What is the highest common factor of 256 and v?
64
Suppose 2*q - 5825 = -5*w, q + 12*w - 1218 = 1742. Calculate the highest common divisor of q and 300.
100
Let f(z) = 897*z - 2631. Let j be f(3). What is the highest common factor of j and 6340?
20
Let p = 52802 - 35153. What is the highest common factor of p and 74?
37
Let a = -8 + 10. Suppose -60 = -3*r + r + a*l, -5*r = -l - 158. Suppose 6*y - 3018 = -906. What is the greatest common factor of y and r?
32
Let l = 6167 + -6041. Let a(f) = -6 + 4*f + 0 - f**3 + 8*f + 8*f**2. Let n be a(9). What is the greatest common factor of l and n?
21
Let s = -8476 + 9372. Calculate the greatest common divisor of s and 7.
7
Let f(j) = -j**3 + 13*j**2 + 8*j + 13. Let y(a) = a**2 - 17*a - 42. Let r be y(-2). Let g be f(r). What is the greatest common divisor of 23 and g?
23
Let z = 41 + 119. What is the greatest common factor of z and 752?
16
Let f(y) = 5*y**2 + 1. Let k be f(-1). Let b be (-5)/(-3) - (-2)/k. Calculate the highest common factor of 16 and b.
2
Suppose 3*g + 98 - 959 = 3*a, -a = -3*g + 853. What is the highest common divisor of g and 1?
1
Let u be (0/(-2))/(6/(-6)). Suppose -3*o + u*x = -x - 366, 0 = 4*o + 4*x - 472. Let q = o - -31. What is the highest common factor of q and 19?
19
Let l = -14785 + 27505. What is the greatest common divisor of 10 and l?
10
Suppose -104*s = -107*s + 5*l + 23, -l - 75 = -5*s. Calculate the greatest common factor of 2312 and s.
8
Let q(n) = 43*n - 26*n - 27*n - n**2 - 2. Let w(k) = k**2 + 9*k + 6. Let c be w(-7). Let b be q(c). Calculate the highest common divisor of 14 and b.
14
Let j = 10187 - 10127. Calculate the highest common factor of 1035 and j.
15
Suppose 18*z - 1063 + 526 = 1245. What is the highest common factor of 1518 and z?
33
Suppose -3*m = s + 18 - 73, -27 = -m + 4*s. Let q be -2 + 1*-1*(18 + -25). Suppose q*v + m = 104. What is the highest common divisor of 119 and v?
17
Let n be (25/10)/(46/15272). What is the highest common factor of 110 and n?
10
Suppose -18*i - 2*b = -13*i - 231, 0 = -2*i - b + 92. What is the highest common divisor of i and 94?
47
Suppose 5*l = 2*c + 3232, -62 = 6*l - 4*c - 3934. Let p be 2/(-4) - (-98)/4. Calculate the greatest common divisor of p and l.
24
Let g(c) = -2*c**3 - 13*c - 5. Let v be g(-3). Let s = v + -33. What is the highest common divisor of s and 44?
11
Let k be 1*(-2)/19 + (-519)/(-57). Calculate the highest common factor of k and 27.
9
Suppose -27*m + 35438 + 4495 = 0. Calculate the greatest common factor of m and 261.
87
Let v(l) = 48*l**3 - l**2 + 6*l - 32. Let x be v(3). Calculate the greatest common factor of x and 201.
67
Let h be (-4)/40*-35*2. Suppose 8*i = -h*i + 675. What is the greatest common divisor of 855 and i?
45
Let q be -1*4*4/(-16). Let s be -3 + (4 - q) + 16. Let b(t) = -20*t + 4. Let g be b(-3). What is the highest common factor of s and g?
16
Suppose 8*c = -44 + 388. What is the highest common divisor of c and 1376?
43
Suppose -4*x + 5*k = -1192 - 1263, 5*x + 5*k - 3035 = 0. Let f = x + -281. Let w = -129 + 176. Calculate the greatest common factor of f and w.
47
Let l(d) = d**3 + 52*d**2 + 148*d + 72. Let m be l(-49). Calculate the highest common divisor of m and 1817.
23
Suppose -31 = -49*n + 67. Let c be (n - 50)*(186/(-24) + 5). Calculate the greatest common divisor of 726 and c.
66
Suppose -81404 = -210*w + 101086. What is the greatest common factor of 79 and w?
79
Let y = -4276 + 5492. What is the highest common factor of 88 and y?
8
Suppose -143*c - 51720 = -158*c. What is the greatest common factor of 8 and c?
8
Suppose -107 = 10*r - 267. What is the greatest common divisor of 39184 and r?
16
Let c(p) = -12*p + 18 - 10*p - 10*p + 23*p. Let o(f) = -28*f + 55. Let g(r) = -7*c(r) + 2*o(r). Let z be g(6). What is the greatest common factor of z and 65?
13
Let z = -2482 + 2800. Calculate the highest common divisor of 530 and z.
106
Let r = 1 - 1. Suppose 3*a - 130 - 167 = r. Let f be (-78)/(-45)*6 - 6/(-10). Calculate the highest common divisor of a and f.
11
Let a be (-32 - -38)*101/2. Let l = a + -288. What is the highest common factor of 480 and l?
15
Let i = 9282 - 9138. Let n = -3 - -30. What is the greatest common divisor of i and n?
9
Let f = -4660 - -4715. Calculate the greatest common factor of 105 and f.
5
Let u = -14 + 23. Suppose 891 = -16*w - 27*w + 54*w. Calculate the greatest common divisor of w and u.
9
Let u be (5 - (0 - 191))*(-1)/(-2). Let z be (-1)/(-2 - 0)*-20. Let h = -3 - z. What is the highest common factor of h and u?
7
Let s = 481 + -158. Let q = s - 179. Calculate the greatest common divisor of 16 and q.
16
Suppose 5*f + 4*j = 310, 3*f + j - 211 = -25. Suppose -4*q = 2*t + f, 4*t - 83 = 6*t - 3*q. Let b = t - -49. Calculate the highest common factor of b and 72.
12
Let f(m) = 25*m - 820. Let b be f(40). Calculate the highest common divisor of 1380 and b.
60
Suppose -2*k = -2*g + 38, -4*g = 3*k - 16 - 39. Let n(h) = -15*h + 5. Suppose 2*y + 1 = -9. Let p be n(y). What is the greatest common divisor of p and g?
16
Let a be (-3882)/(-17469) + ((-21524)/(-18) - -1). Calculate the greatest common factor of 190 and a.
19
Let f = 9959 + -9947. Calculate the highest common factor of f and 226.
2
Suppose -5*q + 98 = -4*w + 547, 586 = 5*w + 2*q. Let r = w + -104. Calculate the greatest common factor of r and 300.
12
Suppose -f - 2*f = -12. Let a be (-46)/(-4) + 2 + 6/f. Let x be (-72)/(-10)*(-150)/(-9). Calculate the greatest common divisor of x and a.
15
Let n be (-129)/(-27) - -4*(-2)/(-36). Let j be ((-52)/(-156))/((n/(-456))/(-5)). Calculate the highest common factor of 380 and j.
76
Suppose 0 = 29*a - 31*a - 132. Let t = a + 52. Let c be (7 - 8)/3*(t + -1). What is the highest common divisor of c and 45?
5
Let l(h) be the third derivative of h**5/60 - 5*h**4/24 - h**3 - 3*h**2 - 4*h. Let k be l(-5). Calculate the greatest common divisor of k and 11.
11
Let y(g) = g**2 - 19*g - 66. Let m be y(22). Let u(c) = 2*c + 2. Let n be u(3). Suppose -72 = -m*b - n*b. What is the greatest common factor of b and 72?
9
Suppose 10*c = 7*c + 1806. Let i be (-60 - -65)*(-172)/(-5). Calculate the greatest common divisor of c and i.
86
Let b(o) = -867*o - 2562. Let x be b(-3). Calculate the highest common divisor of 2379 and x.
39
Suppose -48*m = -50*m - 64. Let j = m - -36. Suppose 12*w - j - 32 = 0. What is the greatest common divisor of w and 15?
3
Let d be ((-2)/2)/((-1)/3). Let c be d/(-9)*(1 - -8)/(-1). Suppose -z + 6*z = -c*w + 10, 6 = w + z. What is the greatest common factor of w and 30?
10
Suppose 3*p + 19 = -5*f + 99, 4*f - 4 = 0. Suppose -4*c + 252 = 26*c - 198. Calculate the highest common divisor of c and p.
5
Suppose 11*l + 24 = 101. Let y be (-2*(-18)/l)/(123/574). Calculate the greatest common divisor of 32 and y.
8
Let t(o) = 18*o**2 + 8. Suppose -5*b + 4*z + 5 = 0, -2*z - 40 = 5*b + 3*z. Let p be t(b). What is the greatest commo